{"id":584,"date":"2025-11-19T13:45:34","date_gmt":"2025-11-19T13:45:34","guid":{"rendered":"https:\/\/albanieoffroadpruvodce.cz\/?page_id=584"},"modified":"2025-11-19T14:17:58","modified_gmt":"2025-11-19T14:17:58","slug":"na-konci-sveta-je-skola-a-mlyn","status":"publish","type":"page","link":"https:\/\/albanieoffroadpruvodce.cz\/?page_id=584","title":{"rendered":"Na konci sv\u011bta je \u0161kola a ml\u00fdn"},"content":{"rendered":"<!-- wp:themify-builder\/canvas \/-->","protected":false},"excerpt":{"rendered":"","protected":false},"author":1,"featured_media":0,"parent":0,"menu_order":0,"comment_status":"closed","ping_status":"closed","template":"","meta":{"footnotes":""},"class_list":["post-584","page","type-page","status-publish","hentry","has-post-title","has-post-date","has-post-category","has-post-tag","has-post-comment","has-post-author",""],"builder_content":"<p>Myslel jsem si, \u017ee konec sv\u011bta je v Alb\u00e1nii pod horou Korabit. V zapadl\u00e9 vesnici Radomir\u00eb na Makedonsk\u00e9 hranici je tam s\u00fdr\u00e1rna. Jen\u017ee pokrok se nezastav\u00ed, kousek od vesnice Radomire vede nov\u00e1 asfaltov\u00e1 silnice mezi Peshkopi a Kuk\u00ebs a konec sv\u011bta skon\u010dil.<br \/>Letos jsem na\u0161el nov\u00fd konec sv\u011bta. Na severn\u00ed hranici Alb\u00e1-nie, na hranici s Kosovem, za poho\u0159\u00edm Prokletije, je bo\u010dn\u00ed \u00fado-l\u00ed ke ka\u0148onu Vermosh. V zim\u011b zapadl\u00e9 sn\u011bhem, v l\u00e9t\u011b dostupn\u00e9 po kamenit\u00e9 cest\u011b \u00fazk\u00fdm ka\u0148onem. Na konci \u00fadol\u00ed, pod \u0161t\u00edty Mali e Shenikut (2553m n.m.) a Mali e Radohim\u00ebs (2568m n.m.) se kr\u010d\u00ed vesni\u010dky Nik\u010d a Vuk\u00ebl. Cel\u00fd sever Alb\u00e1nie je k\u0159es\u0165ansk\u00fd, ve vesnici Vuk\u00ebl je kostel, na rozcest\u00ed jsou k\u0159\u00ed\u017eky a kolem dom\u016f pob\u00edhaj\u00ed prasata. V\u0161echny domy jsou p\u016fvodn\u00ed kamenn\u00e9 s do\u0161ko-vou st\u0159echou, n\u011bkter\u00e9 ale u\u017e maj\u00ed st\u0159echu novou plechovou. Zde \u017eij\u00ed ti \u0161\u0165astn\u011bj\u0161\u00ed, co sehnali pr\u00e1ci v zahrani\u010d\u00ed. Jen\u017ee \u0161\u0165astn\u011bj\u0161\u00ed v jak\u00e9m smyslu? Do zahrani\u010d\u00ed ode\u0161li mlad\u00ed lid\u00e9 a sv\u00e9 mal\u00e9 d\u011bti nechali u prarodi\u010d\u016f. D\u011bti dopoledne chod\u00ed do \u0161koly ve vesnici Vuk\u00ebl a odpoledne pracuj\u00ed na kamenit\u00fdch polech kolem dom\u016f. Bylo jaro \u2013 \u010das orby a s\u00e1zen\u00ed. V\u0161ude na pol\u00edch byly vyvezen\u00e9 hro-m\u00e1dky hnoje a zem\u011bd\u011blci zap\u0159\u00e1hli kon\u011b nebo kr\u00e1vu a jednodu-ch\u00fdm pluhem orali pole. Kolem dom\u016f nas\u00e1zeli raj\u010data, fazole, cibuli. St\u00e1da ovc\u00ed se zat\u00edm pasou kolem vesnic. A\u017e bude pr\u00e1ce na pol\u00edch hotov\u00e1, tak je vy\u017eenou na louky v okoln\u00edch hor\u00e1ch. A na pr\u00e1zdniny p\u0159ijedou na m\u011bs\u00edc rodi\u010de dom\u016f, p\u0159ivezou pen\u00edze a podiv\u00ed se, jak jim d\u011bti vyrostly.<br \/>Ve vesnici Nik\u010d, podobn\u011b jako ve v\u011bt\u0161in\u011b horsk\u00fdch vesnic v Alb\u00e1nii, maj\u00ed ml\u00fdn. Mal\u00fd dome\u010dek s plechovou st\u0159echou, voda je z n\u00e1honu p\u0159ivedena potrub\u00edm, sestaven\u00fdm ze star\u00fdch barel\u016f. Zrovna jsme zastihli tat\u00ednka, jak se synkem p\u0159ivedli osla s pytli kuku\u0159ice. Dva sta\u0159\u00edci ve ml\u00fdn\u011b kuku\u0159ici semleli, popov\u00eddali si a mouku op\u011bt odvezli na oslovi.<br \/>Strava vesni\u010dan\u016f je velmi jednoduch\u00e1. P\u0159esto, \u017ee maj\u00ed po\u010detn\u00e1 st\u00e1da ovc\u00ed, tak jed\u00ed p\u0159edev\u0161\u00edm zeleninu, kuku\u0159i\u010dn\u00e9 placky a s\u00fdr. Maso je jen ve sv\u00e1tek a na zimu.<br \/>kv\u011bten 2014<\/p>\n<a href=\"https:\/\/albanieoffroadpruvodce.cz\/wp-content\/uploads\/2025\/10\/DSC_7231.jpg\"> <img src=\"https:\/\/albanieoffroadpruvodce.cz\/wp-content\/uploads\/2025\/10\/DSC_7231.jpg\" title=\"DSC_7231\" alt=\"DSC_7231\" srcset=\"https:\/\/albanieoffroadpruvodce.cz\/wp-content\/uploads\/2025\/10\/DSC_7231.jpg 1134w, https:\/\/albanieoffroadpruvodce.cz\/wp-content\/uploads\/2025\/10\/DSC_7231-1024x684-300x200.jpg 300w, https:\/\/albanieoffroadpruvodce.cz\/wp-content\/uploads\/2025\/10\/DSC_7231-1024x684.jpg 1024w, https:\/\/albanieoffroadpruvodce.cz\/wp-content\/uploads\/2025\/10\/DSC_7231-768x513.jpg 768w\" sizes=\"(max-width: 1134px) 100vw, 1134px\" \/> <\/a>\n<a href=\"https:\/\/albanieoffroadpruvodce.cz\/wp-content\/uploads\/2025\/10\/DSC_7233.jpg\"> <img src=\"https:\/\/albanieoffroadpruvodce.cz\/wp-content\/uploads\/2025\/10\/DSC_7233.jpg\" title=\"DSC_7233\" alt=\"DSC_7233\" srcset=\"https:\/\/albanieoffroadpruvodce.cz\/wp-content\/uploads\/2025\/10\/DSC_7233.jpg 1134w, https:\/\/albanieoffroadpruvodce.cz\/wp-content\/uploads\/2025\/10\/DSC_7233-1024x684-300x200.jpg 300w, https:\/\/albanieoffroadpruvodce.cz\/wp-content\/uploads\/2025\/10\/DSC_7233-1024x684.jpg 1024w, https:\/\/albanieoffroadpruvodce.cz\/wp-content\/uploads\/2025\/10\/DSC_7233-768x513.jpg 768w\" sizes=\"(max-width: 1134px) 100vw, 1134px\" \/> <\/a>","_links":{"self":[{"href":"https:\/\/albanieoffroadpruvodce.cz\/index.php?rest_route=\/wp\/v2\/pages\/584","targetHints":{"allow":["GET"]}}],"collection":[{"href":"https:\/\/albanieoffroadpruvodce.cz\/index.php?rest_route=\/wp\/v2\/pages"}],"about":[{"href":"https:\/\/albanieoffroadpruvodce.cz\/index.php?rest_route=\/wp\/v2\/types\/page"}],"author":[{"embeddable":true,"href":"https:\/\/albanieoffroadpruvodce.cz\/index.php?rest_route=\/wp\/v2\/users\/1"}],"replies":[{"embeddable":true,"href":"https:\/\/albanieoffroadpruvodce.cz\/index.php?rest_route=%2Fwp%2Fv2%2Fcomments&post=584"}],"version-history":[{"count":3,"href":"https:\/\/albanieoffroadpruvodce.cz\/index.php?rest_route=\/wp\/v2\/pages\/584\/revisions"}],"predecessor-version":[{"id":613,"href":"https:\/\/albanieoffroadpruvodce.cz\/index.php?rest_route=\/wp\/v2\/pages\/584\/revisions\/613"}],"wp:attachment":[{"href":"https:\/\/albanieoffroadpruvodce.cz\/index.php?rest_route=%2Fwp%2Fv2%2Fmedia&parent=584"}],"curies":[{"name":"wp","href":"https:\/\/api.w.org\/{rel}","templated":true}]}}