{"id":621,"date":"2025-11-30T08:53:42","date_gmt":"2025-11-30T08:53:42","guid":{"rendered":"https:\/\/albanieoffroadpruvodce.cz\/?page_id=621"},"modified":"2025-11-30T09:11:15","modified_gmt":"2025-11-30T09:11:15","slug":"pruzkum-jihu","status":"publish","type":"page","link":"https:\/\/albanieoffroadpruvodce.cz\/?page_id=621","title":{"rendered":"Pr\u016fzkum jihu"},"content":{"rendered":"<!-- wp:themify-builder\/canvas \/-->","protected":false},"excerpt":{"rendered":"","protected":false},"author":1,"featured_media":0,"parent":0,"menu_order":0,"comment_status":"closed","ping_status":"closed","template":"","meta":{"footnotes":""},"class_list":["post-621","page","type-page","status-publish","hentry","has-post-title","has-post-date","has-post-category","has-post-tag","has-post-comment","has-post-author",""],"builder_content":"<h3>Sv\u011bt je mal\u00fd, hlavn\u011b ten alb\u00e1nsk\u00fd<\/h3> <p>T\u011bch 30 km od GurhIKamjes jsme jeli cel\u00fd den, navij\u00e1k pou\u017eili jen 17x, lopatu jsme u\u017e nesli vedle auta, lano navij\u00e1ku u\u017e ani nena-v\u00edjeli, jen p\u0159et\u00e1hli p\u0159es haubnu ke spolujezdci pod nohy, tekut\u00e9 bah-no z pohorek jsem u\u017e p\u0159ed n\u00e1stupem do auta nevyl\u00e9val, do korby zadem natekla voda z kalu\u017e\u00ed. Nev\u011b\u0159il bych, jak\u00e9 drobn\u00e9 \u0161\u00edpky udr\u017e\u00ed lano navij\u00e1ku. Mimochodem, navij\u00e1k se alb\u00e1nsky \u0159ekne \u201earganelo\u201c. Nakonec jsme zni\u010dili jen uchycen\u00ed kardanu a p\u0159edn\u00ed man\u017eety a vyv\u00e1zli t\u011bsn\u011b p\u0159ed soumrakem na pevnou cestu. Na\u0161t\u011bst\u00ed p\u0159estalo pr\u0161et a oteplilo se na 4\u00b0C a hranice \u010derstv\u00e9ho sn\u011bhu se zastavila nad n\u00e1mi. P\u0159espali jsme ve stanu na st\u0159e\u0161e. Druh\u00fd den, utahan\u00ed, doraz\u00edme po ji\u017e slu\u0161-n\u00fdch cest\u00e1ch do turistick\u00e9 Voskopoj\u00eb. Prohl\u00e9dneme vyhl\u00e1\u0161en\u00e9 kostely a vym\u011bkneme, \u017ee chceme do sprchy. Nad vesnic\u00ed luxusn\u00ed hotely. Vyjedeme k prvn\u00edmu hotelu, zam\u010deno. Druh\u00fd hotel (ten v\u00fd\u0161e), p\u0159ed n\u00edm stoji ter\u00e9nn\u00ed Suzuki s pov\u011bdomou \u010derveno\u010dernou samolepkou a z hotelu vyb\u00edh\u00e1 Elsi! Kluk, co pom\u00e1hal zaji\u0161\u0165ovat Albania Rally! Tak to je teda setk\u00e1n\u00ed. Hotel pat\u0159\u00ed jeho rodi\u010d\u016fm, je tady s\u00e1m, sez\u00f3na u\u017e skon\u010dila a moc se omlouv\u00e1, \u017ee u\u017e nem\u00e1 nic, jen pivo Tirana.<\/p>\n<h3>Borov\u00fdmi lesy<\/h3> <p>\u201eDo Tresov\u00eb? Tam se p\u0159ece jede p\u0159es Kor\u010de po asfaltu,\u201c \u0159ekli mi<br \/>d\u011bdci, co hr\u00e1li domino v hospod\u011b ve Voskopoj\u00eb. \u201eP\u0159es Krushove cesta vede, ale tam se nejezd\u00ed, je\u010f po asfaltu.\u201c<br \/>Na\u0161t\u011bst\u00ed jsem se nenechal odradit a vyrazili jsme. Pravda, po dni str\u00e1ven\u00e9m na IFA highway s opakovan\u00fdm n\u00e1cvikem vypro\u0161\u0165ov\u00e1ni vozidla navij\u00e1kem, jsem m\u011bl pram\u00e1lo chuti na bahenn\u00ed koupele.<br \/>Je\u0161t\u011b jsme s Elsiho pomoc\u00ed r\u00e1no sundali u hotelu ta\u017en\u00e9 za\u0159\u00edzen\u00ed - mus\u00ed se sundat cel\u00e1 zadn\u00ed traverza a pak se d\u00e1 ta\u017en\u00e9 odmontovat. Tvo\u0159\u00ed \u00fapln\u011b b\u00e1je\u010dn\u00fd pluh a p\u0159edev\u010d\u00edrem jsem na n\u011bm opakovan\u011b visel.<br \/>Z Voskopoj\u00eb se klikat\u00ed kr\u00e1sn\u00e1 \u0159\u00ed\u010dka a kolem n\u00ed cesta. Pra\u0161n\u00e1, ale celkem udr\u017eovan\u00e1. Ov\u0161em pouze 5 km k vojensk\u00e9 pos\u00e1dce a klenut\u00e9mu mostu do Shipske. Tady odbo\u010duje evidentn\u011b t\u00e9m\u011b\u0159 nepou\u017e\u00edvan\u00e1 lesn\u00ed cesta. P\u0159ebrod\u00ed \u0159eku a vyhoupne se na ostroh nad ka\u0148onem. Celou dobu n\u00e1dhern\u00fdmi borov\u00fdmi lesy. Cesta nen\u00ed t\u011b\u017ek\u00e1, je tu p\u00eds\u010dit\u00e1 p\u016fda, a tak po p\u0159edv\u010derej\u0161\u00edm de\u0161ti nen\u00ed ani pam\u00e1tky. Za de\u0161t\u011b by to tady asi dost klouzalo, ale \u0161lo by to. Cesta mine vesnici Krushove a zprava obto\u010d\u00ed kopec. Ve vojensk\u00fdch map\u00e1ch ho obt\u00e1\u010d\u00ed zleva, cesta tam je, ale evidentn\u011b nepou\u017e\u00edvan\u00e1. Na cest\u011b zprava jsme minuli rybn\u00ed\u010dek, odbo\u010dku na Shipske a napojili se na cestu dle vojensk\u00e9 mapy.<br \/>Potkali jsme pastevce s ovcemi. Zd\u00e1lky vid\u00edm, jak m\u00e1 p\u0159es rameno vojenskou pu\u0161ku. Kdy\u017e u n\u011bj zastav\u00edme, abychom ho pozdravili, tak u\u017e ji nem\u00e1. Nazna\u010duju pu\u0161ku a kde ji m\u00e1 a sm\u011bju se. Sm\u011bje se taky, ale neuk\u00e1\u017ee ji. Mohl bych se rozepisovat, jak ji m\u00e1 na ochranu st\u00e1da p\u0159ed vlky, ale pravda je takov\u00e1, \u017ee m\u00edstn\u00ed v\u00e1\u0161niv\u011b a na\u010derno lov\u00ed zaj\u00edce a divok\u00e1 prasata. Pt\u00e1m se na cestu a potvrzuje, \u017ee \u201erruga Lozham makina sum mir\u201c. Tedy cesta je v\u00fdborn\u00e1.<br \/>Vyjeli jsme nad borov\u00fd les na vrchol kopce. Opojn\u011b zde von\u011bl tymi\u00e1n a borovice. A ta panoramata.<br \/>Napravo p\u0159es Kor\u010de jsme horsk\u00fdm \u00fadol\u00edm vid\u011bli Guri i Capit, skaln\u00ed \u00fatvar s bunkry, p\u0159ed n\u00e1mi na obzoru Guri i Kamjes, skaln\u00ed\u00fatvar s vyhl\u00eddkovou cestou, kde se tr\u00e9nuje pou\u017eit\u00ed navij\u00e1ku. Pak poho\u0159\u00ed Valamar\u00ebs a jezera Lukova, kde jsme byli hned prvn\u00ed den. Poho\u0159\u00ed Gramsh, Tomorrit a za n\u00e1mi p\u0159ekr\u00e1sn\u00e9 poho\u0159\u00ed Ostrovic\u00ebs, pod kter\u00fdm jsme si r\u00e1no projeli kr\u00e1sn\u00fd okruh. Okruh byl bohu\u017eel s n\u00e1vratem do Voskopoj\u00eb, proto\u017ee mezi Marjan a Cemerice byl z\u00e1val.<br \/>Bylo by tady fantastick\u00e9 m\u00edsto na span\u00ed, ale je je\u0161t\u011b brzo, a tak se mot\u00e1me borov\u00fdmi lesy d\u00e1le. Je zde n\u00e1ro\u010dn\u00e1 navigace, vojensk\u00e1 mapa nesed\u00ed \u00fapln\u011b bezvadn\u011b a v les\u00edch je n\u011bkolik odbo\u010dek, kter\u00e9 vypadaj\u00ed v\u0161echny stejn\u011b vyjet\u00e9. \u00dapln\u011b na konci na vrcholu kopce na Lozhan se vyjet\u00e9 koleje st\u00e1\u010dej\u00ed prudce doprava a mimo p\u016fvodn\u00ed cestu strm\u011b padaj\u00ed dol\u016f. N\u00e1sledujeme je docela p\u0159\u00edkr\u00fdm kles\u00e1n\u00edm v kapradin\u00e1ch a klesneme na p\u016fvodn\u00ed cestu.<br \/>Tady za\u010d\u00edn\u00e1 jedin\u00fd opravdu obt\u00ed\u017en\u00fd \u00fasek na cest\u011b. Jsou tu u\u017e buky, ty dr\u017e\u00ed vodu, a tak je zde prudk\u00e9 kles\u00e1ni vyjet\u00fdmi kolejemi s vodou. N\u00e1sleduje p\u0159ejezd z\u00e1valu, na\u0161t\u011bst\u00ed je such\u00fd, za mokra bych se asi dost b\u00e1l o sklouznut\u00ed do strany. A \u017ee je kam padat, ka\u0148on Devolli je asi 300 m pod n\u00e1mi. Kv\u016fli tomuto m\u00edstu nemohu trasu doporu\u010dit ve sm\u011bru Tresov\u00eb Voskopoj\u00eb a za de\u0161t\u011b ani v jednom sm\u011bru.<br \/>V Tresov\u00eb jsme vyjeli p\u0159\u00edmo u opu\u0161t\u011bn\u00e9ho dolu.<br \/>\u0159\u00edjen 2011<\/p>\n<a href=\"https:\/\/albanieoffroadpruvodce.cz\/wp-content\/uploads\/2025\/10\/albanie-bert-2011_592-scaled.jpg\"> <img src=\"https:\/\/albanieoffroadpruvodce.cz\/wp-content\/uploads\/2025\/10\/albanie-bert-2011_592-scaled.jpg\" title=\"albanie-bert-2011_592\" alt=\"albanie-bert-2011_592\" srcset=\"https:\/\/albanieoffroadpruvodce.cz\/wp-content\/uploads\/2025\/10\/albanie-bert-2011_592-scaled.jpg 2560w, https:\/\/albanieoffroadpruvodce.cz\/wp-content\/uploads\/2025\/10\/albanie-bert-2011_592-1024x680-300x200.jpg 300w, https:\/\/albanieoffroadpruvodce.cz\/wp-content\/uploads\/2025\/10\/albanie-bert-2011_592-1024x680.jpg 1024w, https:\/\/albanieoffroadpruvodce.cz\/wp-content\/uploads\/2025\/10\/albanie-bert-2011_592-768x510.jpg 768w, https:\/\/albanieoffroadpruvodce.cz\/wp-content\/uploads\/2025\/10\/albanie-bert-2011_592-1536x1020.jpg 1536w, https:\/\/albanieoffroadpruvodce.cz\/wp-content\/uploads\/2025\/10\/albanie-bert-2011_592-2048x1360.jpg 2048w\" sizes=\"(max-width: 2560px) 100vw, 2560px\" \/> <\/a>\n<a href=\"https:\/\/albanieoffroadpruvodce.cz\/wp-content\/uploads\/2025\/10\/albanie-bert-2011_635-scaled.jpg\"> <img src=\"https:\/\/albanieoffroadpruvodce.cz\/wp-content\/uploads\/2025\/10\/albanie-bert-2011_635-scaled.jpg\" title=\"albanie-bert-2011_635\" alt=\"albanie-bert-2011_635\" srcset=\"https:\/\/albanieoffroadpruvodce.cz\/wp-content\/uploads\/2025\/10\/albanie-bert-2011_635-scaled.jpg 2560w, https:\/\/albanieoffroadpruvodce.cz\/wp-content\/uploads\/2025\/10\/albanie-bert-2011_635-1024x680-300x200.jpg 300w, https:\/\/albanieoffroadpruvodce.cz\/wp-content\/uploads\/2025\/10\/albanie-bert-2011_635-1024x680.jpg 1024w, https:\/\/albanieoffroadpruvodce.cz\/wp-content\/uploads\/2025\/10\/albanie-bert-2011_635-768x510.jpg 768w, https:\/\/albanieoffroadpruvodce.cz\/wp-content\/uploads\/2025\/10\/albanie-bert-2011_635-1536x1020.jpg 1536w, https:\/\/albanieoffroadpruvodce.cz\/wp-content\/uploads\/2025\/10\/albanie-bert-2011_635-2048x1360.jpg 2048w\" sizes=\"(max-width: 2560px) 100vw, 2560px\" \/> <\/a>","_links":{"self":[{"href":"https:\/\/albanieoffroadpruvodce.cz\/index.php?rest_route=\/wp\/v2\/pages\/621","targetHints":{"allow":["GET"]}}],"collection":[{"href":"https:\/\/albanieoffroadpruvodce.cz\/index.php?rest_route=\/wp\/v2\/pages"}],"about":[{"href":"https:\/\/albanieoffroadpruvodce.cz\/index.php?rest_route=\/wp\/v2\/types\/page"}],"author":[{"embeddable":true,"href":"https:\/\/albanieoffroadpruvodce.cz\/index.php?rest_route=\/wp\/v2\/users\/1"}],"replies":[{"embeddable":true,"href":"https:\/\/albanieoffroadpruvodce.cz\/index.php?rest_route=%2Fwp%2Fv2%2Fcomments&post=621"}],"version-history":[{"count":5,"href":"https:\/\/albanieoffroadpruvodce.cz\/index.php?rest_route=\/wp\/v2\/pages\/621\/revisions"}],"predecessor-version":[{"id":631,"href":"https:\/\/albanieoffroadpruvodce.cz\/index.php?rest_route=\/wp\/v2\/pages\/621\/revisions\/631"}],"wp:attachment":[{"href":"https:\/\/albanieoffroadpruvodce.cz\/index.php?rest_route=%2Fwp%2Fv2%2Fmedia&parent=621"}],"curies":[{"name":"wp","href":"https:\/\/api.w.org\/{rel}","templated":true}]}}