{"id":65,"date":"2025-10-27T19:50:42","date_gmt":"2025-10-27T19:50:42","guid":{"rendered":"https:\/\/albanieoffroadpruvodce.cz\/?page_id=65"},"modified":"2025-12-01T12:57:27","modified_gmt":"2025-12-01T12:57:27","slug":"trasy","status":"publish","type":"page","link":"https:\/\/albanieoffroadpruvodce.cz\/?page_id=65","title":{"rendered":"Trasy"},"content":{"rendered":"<!-- wp:themify-builder\/canvas \/-->","protected":false},"excerpt":{"rendered":"","protected":false},"author":1,"featured_media":0,"parent":0,"menu_order":0,"comment_status":"closed","ping_status":"closed","template":"","meta":{"footnotes":""},"class_list":["post-65","page","type-page","status-publish","hentry","has-post-title","has-post-date","has-post-category","has-post-tag","has-post-comment","has-post-author",""],"builder_content":"<p>P\u0159esto, \u017ee se v\u0161ude v Alb\u00e1nii stav\u00ed nov\u00e9 silnice a v\u011bt\u0161ina hlavn\u00edch tah\u016f je ji\u017e nov\u00fdch, cesty v hor\u00e1ch jsou \u0161patn\u00e9. Po\u010d\u00edtejte s velmi n\u00edzkou cestovn\u00ed rychlost\u00ed. Na hor\u00e1ch jsou cesty neudr\u017eovan\u00e9 a zni\u010den\u00e9 od n\u00e1kla\u010f\u00e1k\u016f IFA, voz\u00edc\u00edch neleg\u00e1ln\u011b vyt\u011b\u017een\u00e9 d\u0159evo.<\/p> <p><br \/>Popisovan\u00e9 cesty jsou sj\u00edzdn\u00e9 jen ter\u00e9nn\u00edm autem nebo na enduro motocyklu. Cesty jsou p\u016fvodn\u00ed, postaven\u00e9 z\u0159ejm\u011b je\u0161t\u011b za Turk\u016f z kamen\u016f a jsou ur\u010den\u00e9 pro osly a p\u011b\u0161\u00ed.<\/p> <p>Nejzaj\u00edmav\u011bj\u0161\u00ed cesty jsou ve vnitrozem\u00ed, podrobn\u00e9 mapy nejsou, sm\u011brovky nikdy nebyly, s m\u00edstn\u00edmi se komunikuje obt\u00ed\u017en\u011b. Cesty nejsou udr\u017eovan\u00e9, \u010dast\u00e9 jsou z\u00e1valy nebo \u010d\u00e1sti str\u017een\u00e9 vodou.<\/p> <p>Sj\u00edzdnost cest se m\u011bn\u00ed v z\u00e1vislosti na po\u010das\u00ed a uplynul\u00e9 zim\u011b. Cesta, kter\u00e1 je za sucha sj\u00edzdn\u00e1, se po de\u0161ti m\u016f\u017ee prom\u011bnit v bahenn\u00ed peklo. Stejn\u011b tak cesta, kterou jsem jeden rok projel, tak po zim\u011b nemus\u00ed b\u00fdt pro z\u00e1valy v\u016fbec pr\u016fjezdn\u00e1.<\/p>\n<a href=\"https:\/\/albanieoffroadpruvodce.cz\/wp-content\/uploads\/2025\/12\/prehledna-mapa-trasy-3-vydani.jpg\"> <img src=\"https:\/\/albanieoffroadpruvodce.cz\/wp-content\/uploads\/2025\/12\/prehledna-mapa-trasy-3-vydani.jpg\" title=\"prehledna mapa trasy 3 vydani\" alt=\"prehledna mapa trasy 3 vydani\" srcset=\"https:\/\/albanieoffroadpruvodce.cz\/wp-content\/uploads\/2025\/12\/prehledna-mapa-trasy-3-vydani.jpg 336w, https:\/\/albanieoffroadpruvodce.cz\/wp-content\/uploads\/2025\/12\/prehledna-mapa-trasy-3-vydani-152x300.jpg 152w\" sizes=\"(max-width: 336px) 100vw, 336px\" \/> <\/a>\n<h3>Takhle se objevuje Alb\u00e1nie<\/h3>\n<img src=\"https:\/\/albanieoffroadpruvodce.cz\/wp-content\/uploads\/2025\/10\/DSC_0276-2-scaled.jpg\" title=\"DSC_0276-2\" alt=\"DSC_0276-2\" srcset=\"https:\/\/albanieoffroadpruvodce.cz\/wp-content\/uploads\/2025\/10\/DSC_0276-2-scaled.jpg 2560w, https:\/\/albanieoffroadpruvodce.cz\/wp-content\/uploads\/2025\/10\/DSC_0276-2-1024x680-300x200.jpg 300w, https:\/\/albanieoffroadpruvodce.cz\/wp-content\/uploads\/2025\/10\/DSC_0276-2-1024x680.jpg 1024w, https:\/\/albanieoffroadpruvodce.cz\/wp-content\/uploads\/2025\/10\/DSC_0276-2-768x510.jpg 768w, https:\/\/albanieoffroadpruvodce.cz\/wp-content\/uploads\/2025\/10\/DSC_0276-2-1536x1020.jpg 1536w, https:\/\/albanieoffroadpruvodce.cz\/wp-content\/uploads\/2025\/10\/DSC_0276-2-2048x1360.jpg 2048w, https:\/\/albanieoffroadpruvodce.cz\/wp-content\/uploads\/2025\/10\/DSC_0276-2-1024x680-250x166.jpg 250w\" sizes=\"(max-width: 2560px) 100vw, 2560px\" \/>\n<img src=\"https:\/\/albanieoffroadpruvodce.cz\/wp-content\/uploads\/2025\/10\/DSC_0303.jpg\" title=\"DSC_0303\" alt=\"DSC_0303\" srcset=\"https:\/\/albanieoffroadpruvodce.cz\/wp-content\/uploads\/2025\/10\/DSC_0303.jpg 2409w, https:\/\/albanieoffroadpruvodce.cz\/wp-content\/uploads\/2025\/10\/DSC_0303-1024x680-300x200.jpg 300w, https:\/\/albanieoffroadpruvodce.cz\/wp-content\/uploads\/2025\/10\/DSC_0303-1024x680.jpg 1024w, https:\/\/albanieoffroadpruvodce.cz\/wp-content\/uploads\/2025\/10\/DSC_0303-768x510.jpg 768w, https:\/\/albanieoffroadpruvodce.cz\/wp-content\/uploads\/2025\/10\/DSC_0303-1536x1020.jpg 1536w, https:\/\/albanieoffroadpruvodce.cz\/wp-content\/uploads\/2025\/10\/DSC_0303-2048x1360.jpg 2048w\" sizes=\"(max-width: 2409px) 100vw, 2409px\" \/>\n\n<img src=\"https:\/\/albanieoffroadpruvodce.cz\/wp-content\/uploads\/2025\/11\/P5010036-scaled.jpg\" title=\"P5010036\" alt=\"P5010036\" srcset=\"https:\/\/albanieoffroadpruvodce.cz\/wp-content\/uploads\/2025\/11\/P5010036-scaled.jpg 2560w, https:\/\/albanieoffroadpruvodce.cz\/wp-content\/uploads\/2025\/11\/P5010036-300x225.jpg 300w, https:\/\/albanieoffroadpruvodce.cz\/wp-content\/uploads\/2025\/11\/P5010036-1024x768.jpg 1024w, https:\/\/albanieoffroadpruvodce.cz\/wp-content\/uploads\/2025\/11\/P5010036-768x576.jpg 768w, https:\/\/albanieoffroadpruvodce.cz\/wp-content\/uploads\/2025\/11\/P5010036-1536x1152.jpg 1536w, https:\/\/albanieoffroadpruvodce.cz\/wp-content\/uploads\/2025\/11\/P5010036-2048x1536.jpg 2048w\" sizes=\"(max-width: 2560px) 100vw, 2560px\" \/>","_links":{"self":[{"href":"https:\/\/albanieoffroadpruvodce.cz\/index.php?rest_route=\/wp\/v2\/pages\/65","targetHints":{"allow":["GET"]}}],"collection":[{"href":"https:\/\/albanieoffroadpruvodce.cz\/index.php?rest_route=\/wp\/v2\/pages"}],"about":[{"href":"https:\/\/albanieoffroadpruvodce.cz\/index.php?rest_route=\/wp\/v2\/types\/page"}],"author":[{"embeddable":true,"href":"https:\/\/albanieoffroadpruvodce.cz\/index.php?rest_route=\/wp\/v2\/users\/1"}],"replies":[{"embeddable":true,"href":"https:\/\/albanieoffroadpruvodce.cz\/index.php?rest_route=%2Fwp%2Fv2%2Fcomments&post=65"}],"version-history":[{"count":18,"href":"https:\/\/albanieoffroadpruvodce.cz\/index.php?rest_route=\/wp\/v2\/pages\/65\/revisions"}],"predecessor-version":[{"id":790,"href":"https:\/\/albanieoffroadpruvodce.cz\/index.php?rest_route=\/wp\/v2\/pages\/65\/revisions\/790"}],"wp:attachment":[{"href":"https:\/\/albanieoffroadpruvodce.cz\/index.php?rest_route=%2Fwp%2Fv2%2Fmedia&parent=65"}],"curies":[{"name":"wp","href":"https:\/\/api.w.org\/{rel}","templated":true}]}}