{"id":8,"date":"2025-10-27T19:02:04","date_gmt":"2025-10-27T19:02:04","guid":{"rendered":"https:\/\/albanieoffroadpruvodce.cz\/?page_id=8"},"modified":"2026-01-13T13:40:50","modified_gmt":"2026-01-13T13:40:50","slug":"predmluva","status":"publish","type":"page","link":"https:\/\/albanieoffroadpruvodce.cz\/","title":{"rendered":"Offroadov\u00fd r\u00e1j"},"content":{"rendered":"<!-- wp:themify-builder\/canvas \/-->","protected":false},"excerpt":{"rendered":"","protected":false},"author":1,"featured_media":0,"parent":0,"menu_order":0,"comment_status":"closed","ping_status":"closed","template":"","meta":{"footnotes":""},"class_list":["post-8","page","type-page","status-publish","hentry","has-post-title","has-post-date","has-post-category","has-post-tag","has-post-comment","has-post-author",""],"builder_content":"<h3>2016<\/h3> <img src=\"https:\/\/albanieoffroadpruvodce.cz\/wp-content\/uploads\/2026\/01\/albanie-off-road-pruvodce-2017.jpg\" title=\"albanie-off-road-pruvodce-2017\" alt=\"albanie-off-road-pruvodce-2017\" srcset=\"https:\/\/albanieoffroadpruvodce.cz\/wp-content\/uploads\/2026\/01\/albanie-off-road-pruvodce-2017.jpg 400w, https:\/\/albanieoffroadpruvodce.cz\/wp-content\/uploads\/2026\/01\/albanie-off-road-pruvodce-2017-211x300.jpg 211w\" sizes=\"(max-width: 400px) 100vw, 400px\" \/>\n<p><a href=\"https:\/\/filipweber.cz\/wp-content\/uploads\/2025\/02\/FW-albanie-offroad-3-2016-CZ.pdf\">St\u00e1hni PDF 2016<\/a><\/p>\n<h3>2022<\/h3> <img src=\"https:\/\/albanieoffroadpruvodce.cz\/wp-content\/uploads\/2026\/01\/albanie-dodatek-2022.jpg\" title=\"albanie-dodatek-2022\" alt=\"albanie-dodatek-2022\" srcset=\"https:\/\/albanieoffroadpruvodce.cz\/wp-content\/uploads\/2026\/01\/albanie-dodatek-2022.jpg 400w, https:\/\/albanieoffroadpruvodce.cz\/wp-content\/uploads\/2026\/01\/albanie-dodatek-2022-211x300.jpg 211w\" sizes=\"(max-width: 400px) 100vw, 400px\" \/>\n<p><a href=\"https:\/\/filipweber.cz\/wp-content\/uploads\/2025\/02\/FW-albanie-offroad-dodatek-2022-CZ.pdf\">St\u00e1hni PDF 2022<\/a><\/p>\n<h3>2012<\/h3> <img src=\"https:\/\/albanieoffroadpruvodce.cz\/wp-content\/uploads\/2026\/01\/albanie-offroadovy-raj.jpg\" title=\"albanie-offroadovy-raj\" alt=\"albanie-offroadovy-raj\" srcset=\"https:\/\/albanieoffroadpruvodce.cz\/wp-content\/uploads\/2026\/01\/albanie-offroadovy-raj.jpg 400w, https:\/\/albanieoffroadpruvodce.cz\/wp-content\/uploads\/2026\/01\/albanie-offroadovy-raj-223x300.jpg 223w\" sizes=\"(max-width: 400px) 100vw, 400px\" \/>\n<h3>2010<\/h3> <img src=\"https:\/\/albanieoffroadpruvodce.cz\/wp-content\/uploads\/2026\/01\/albanie-off-road-1.jpg\" title=\"albanie-off-road-1\" alt=\"albanie-off-road-1\" srcset=\"https:\/\/albanieoffroadpruvodce.cz\/wp-content\/uploads\/2026\/01\/albanie-off-road-1.jpg 400w, https:\/\/albanieoffroadpruvodce.cz\/wp-content\/uploads\/2026\/01\/albanie-off-road-1-223x300.jpg 223w\" sizes=\"(max-width: 400px) 100vw, 400px\" \/>\n<p>\u00a0<\/p> <p><em><strong>V\u00edte, jak se alb\u00e1nsky \u0159ekne \u201elopata\u201c? No p\u0159ece \u201elopata\u201c! Tak si ji nezapome\u0148te p\u0159ibalit s sebou. Budete ji pot\u0159ebovat!<\/strong><\/em><\/p> <p><br \/>Nedejte na o\u0161kliv\u00e9 historky, kter\u00fdmi se lid\u00e9 ve st\u0159edn\u00ed Evrop\u011b stra\u0161\u00ed. Zapome\u0148te na zkazky o krevn\u00ed mst\u011b aop\u0159epad\u00e1n\u00ed. Alb\u00e1nci jsou norm\u00e1ln\u00ed lid\u00e9, tou\u017e\u00edc\u00ed po pr\u00e1ci a rodin\u011b.<\/p> <p>Alb\u00e1nie se m\u011bn\u00ed p\u0159ed o\u010dima, \u0159ada kr\u00e1sn\u00fdch off-road tras je vyasfaltovan\u00fdch, stav\u00ed se nov\u00e9 d\u00e1lnice atunely. Zato hory mi p\u0159ijdou \u010d\u00edm d\u00e1l opu\u0161t\u011bn\u011bj\u0161\u00ed. Lid\u00e9 se st\u011bhuj\u00ed do m\u011bst a v horsk\u00fdch vesnic\u00edch jsou jen p\u0159es l\u00e9to.<\/p> <p>Cesty v hor\u00e1ch jsou po\u0159\u00e1d v hor\u0161\u00edm a hor\u0161\u00edm stavu, \u0159ada z nich je po zim\u011b proz\u00e1valy nepr\u016fjezdn\u00fdch. A to je ten prav\u00fd off-roadov\u00fd r\u00e1j. Do auta lopatu, na motorku p\u0159ibalit kurty na vytahov\u00e1n\u00ed zbahna, lehk\u00fd stan a spac\u00e1k a hur\u00e1 do hor. Ke kr\u00e1sn\u00fdm jezer\u016fm, na opu\u0161t\u011bn\u00e9 planiny, na dech berouc\u00ed vyhl\u00eddky.<\/p> <p>\u0160koda, \u017ee v\u011bt\u0161ina n\u00e1v\u0161t\u011bvn\u00edk\u016f tref\u00ed pouze do Tethu a Valbone. Tato dv\u011b \u00fadol\u00ed jsou sice p\u0159ekr\u00e1sn\u00e1, ale pln\u00e1 turist\u016f a p\u0159ipom\u00ednaj\u00ed lunapark. Zami\u0159te do centr\u00e1ln\u00ed nebo nejl\u00e9pe do ji\u017en\u00ed Alb\u00e1nie. Tam zat\u00edm nen\u00ed \u017e\u00e1dn\u00e1 turistick\u00e1 infrastruktura, hory jsou p\u0159ekr\u00e1sn\u00e9 a m\u016f\u017eete se tam dny a dny toulat po horsk\u00fdch cest\u00e1ch. Vhor\u00e1ch jsou ukryta p\u0159ekr\u00e1sn\u00e1 jezera, skaln\u00ed monumenty, dalek\u00e9 vyhl\u00eddky. Cesty k nim jsou t\u011b\u017eko pr\u016fjezdn\u00e9, zni\u010den\u00e9 od n\u00e1kla\u010f\u00e1k\u016f IFA ileg\u00e1ln\u00edch t\u011b\u017ea\u0159\u016f d\u0159eva. Pr\u016fjezdn\u00e9 jen na nazvedan\u00e9m off-roadu s navij\u00e1kem nebo lehk\u00e9 enduro motorce. A to jsou ty spr\u00e1vn\u00e9 c\u00edle pro dobrodruhy!<\/p> <p>Ale i b\u011b\u017en\u00fd cestovatel na nalo\u017een\u00e9m cestovn\u00edm enduru nebo SUV si zde p\u0159ijde na sv\u00e9. Vybral jsem doporu\u010den\u00e9 trasy, kde ne\u010d\u00edh\u00e1 \u017e\u00e1dn\u00e1 past a snadno je projedete. R\u00e1d bych, aby v\u00e1s tento pr\u016fvodce provedl t\u011bmi nejkr\u00e1sn\u011bj\u0161\u00edmi m\u00edsty v Alb\u00e1nii. M\u00edsty, kter\u00e1 jsem si zamiloval a nakter\u00e1 se r\u00e1d vrac\u00edm.\u00a0<\/p> <p>Toto t\u0159et\u00ed vyd\u00e1n\u00ed je z\u0159ejm\u011b posledn\u00edm. V Alb\u00e1nii se mi u\u017e poda\u0159ilo projet v\u0161echny mysliteln\u00e9 off-road trasy. V dal\u0161\u00edch letech si u\u017e jen vezmu tu\u017eku a budu v pr\u016fvodci \u0161krtat, co je vyasfaltov\u00e1no.Tak nese\u010fte doma, zvedn\u011bte se a vyrazte za dobrodru\u017estv\u00edm!<\/p> <p>D\u011bkuji p\u0159edev\u0161\u00edm m\u00fdm nejlep\u0161\u00edm alb\u00e1nsk\u00fdm kamar\u00e1d\u016fm Vladim\u00edrovi z Arras a Edvinovi, \u0159editeli Alb\u00e1nia rally. Na jejich pomoc jsem se v Alb\u00e1nii mohl v\u017edycky spolehnout!<br \/>A samoz\u0159ejm\u011b d\u011bkuji moj\u00ed man\u017eelce a koleg\u016fm v pr\u00e1ci, d\u00edky kter\u00fdm mohu v\u0161echna dobrodru\u017estv\u00ed podnikat.<\/p> <p>1998 - 2022 Filip Weber - Beba<\/p> <p><em>V\u0161echny zde uveden\u00e9 trasy byly pops\u00e1ny podle nejlep\u0161\u00edho v\u011bdom\u00ed a sv\u011bdom\u00ed autora. <\/em><em>Pou\u017eit\u00ed tohoto pr\u016fvodce je na vlastn\u00ed riziko. Autor ani vydavatel nem\u016f\u017ee p\u0159evz\u00edt pr\u00e1vn\u00ed odpov\u011bdnost za eventu\u00e1ln\u00ed \u00farazy nebo \u0161kody v\u0161eho druhu. <\/em><\/p>\n<p>\u00a9 Filip Weber 2025<\/p> <p>Mapy: \u00a9 OpenStreetMap, www.openstreetmap.org<\/p>\n<h3>Rragam, Valbon\u00eb<\/h3> <a href=\"https:\/\/albanieoffroadpruvodce.cz\/wp-content\/uploads\/2025\/10\/DSC_0643.jpg\"> <img src=\"https:\/\/albanieoffroadpruvodce.cz\/wp-content\/uploads\/2025\/10\/DSC_0643.jpg\" title=\"DSC_0643\" alt=\"DSC_0643\" srcset=\"https:\/\/albanieoffroadpruvodce.cz\/wp-content\/uploads\/2025\/10\/DSC_0643.jpg 1134w, https:\/\/albanieoffroadpruvodce.cz\/wp-content\/uploads\/2025\/10\/DSC_0643-1024x684-300x200.jpg 300w, https:\/\/albanieoffroadpruvodce.cz\/wp-content\/uploads\/2025\/10\/DSC_0643-1024x684.jpg 1024w, https:\/\/albanieoffroadpruvodce.cz\/wp-content\/uploads\/2025\/10\/DSC_0643-768x513.jpg 768w\" sizes=\"(max-width: 1134px) 100vw, 1134px\" \/> <\/a>\n<h3>Jezero Duschku<\/h3> <a href=\"https:\/\/albanieoffroadpruvodce.cz\/wp-content\/uploads\/2025\/10\/DSC_0643.jpg\"> <img src=\"https:\/\/albanieoffroadpruvodce.cz\/wp-content\/uploads\/2025\/10\/DSC_1909.jpg\" title=\"DSC_1909\" alt=\"DSC_1909\" srcset=\"https:\/\/albanieoffroadpruvodce.cz\/wp-content\/uploads\/2025\/10\/DSC_1909.jpg 1134w, https:\/\/albanieoffroadpruvodce.cz\/wp-content\/uploads\/2025\/10\/DSC_1909-1024x684-300x200.jpg 300w, https:\/\/albanieoffroadpruvodce.cz\/wp-content\/uploads\/2025\/10\/DSC_1909-1024x684.jpg 1024w, https:\/\/albanieoffroadpruvodce.cz\/wp-content\/uploads\/2025\/10\/DSC_1909-768x513.jpg 768w, https:\/\/albanieoffroadpruvodce.cz\/wp-content\/uploads\/2025\/10\/DSC_1909-1024x684-350x233.jpg 350w\" sizes=\"(max-width: 1134px) 100vw, 1134px\" \/> <\/a>\n\n<img src=\"https:\/\/albanieoffroadpruvodce.cz\/wp-content\/uploads\/2025\/10\/DSC0262-scaled.jpg\" title=\"_DSC0262\" alt=\"_DSC0262\" srcset=\"https:\/\/albanieoffroadpruvodce.cz\/wp-content\/uploads\/2025\/10\/DSC0262-scaled.jpg 1700w, https:\/\/albanieoffroadpruvodce.cz\/wp-content\/uploads\/2025\/10\/DSC0262-199x300.jpg 199w, https:\/\/albanieoffroadpruvodce.cz\/wp-content\/uploads\/2025\/10\/DSC0262-680x1024.jpg 680w, https:\/\/albanieoffroadpruvodce.cz\/wp-content\/uploads\/2025\/10\/DSC0262-768x1156.jpg 768w, https:\/\/albanieoffroadpruvodce.cz\/wp-content\/uploads\/2025\/10\/DSC0262-1020x1536.jpg 1020w, https:\/\/albanieoffroadpruvodce.cz\/wp-content\/uploads\/2025\/10\/DSC0262-1360x2048.jpg 1360w\" sizes=\"(max-width: 1700px) 100vw, 1700px\" \/>","_links":{"self":[{"href":"https:\/\/albanieoffroadpruvodce.cz\/index.php?rest_route=\/wp\/v2\/pages\/8","targetHints":{"allow":["GET"]}}],"collection":[{"href":"https:\/\/albanieoffroadpruvodce.cz\/index.php?rest_route=\/wp\/v2\/pages"}],"about":[{"href":"https:\/\/albanieoffroadpruvodce.cz\/index.php?rest_route=\/wp\/v2\/types\/page"}],"author":[{"embeddable":true,"href":"https:\/\/albanieoffroadpruvodce.cz\/index.php?rest_route=\/wp\/v2\/users\/1"}],"replies":[{"embeddable":true,"href":"https:\/\/albanieoffroadpruvodce.cz\/index.php?rest_route=%2Fwp%2Fv2%2Fcomments&post=8"}],"version-history":[{"count":88,"href":"https:\/\/albanieoffroadpruvodce.cz\/index.php?rest_route=\/wp\/v2\/pages\/8\/revisions"}],"predecessor-version":[{"id":1085,"href":"https:\/\/albanieoffroadpruvodce.cz\/index.php?rest_route=\/wp\/v2\/pages\/8\/revisions\/1085"}],"wp:attachment":[{"href":"https:\/\/albanieoffroadpruvodce.cz\/index.php?rest_route=%2Fwp%2Fv2%2Fmedia&parent=8"}],"curies":[{"name":"wp","href":"https:\/\/api.w.org\/{rel}","templated":true}]}}